 -39916c (base 14) to base 6.
-110310044
Convert 70840 (base 9) to base 10.
46611
767fc (base 16) to base 15
98c32
Convert 10146215 (base 7) to base 9.
1537802
3552044 (base 6) to base 8
552674
What is -1102102133 (base 4) in base 2?
-1010010010010011111
Convert 33201623 (base 7) to base 10.
2857844
What is -62118 (base 11) in base 15?
-1bcd3
-206822 (base 13) to base 14
-159d00
What is -2151130 (base 8) in base 14?
-110996
Convert -3293137 (base 10) to base 5.
-1320340022
Convert -1221144224 (base 5) to base 6.
-142231303
Convert 8159937 (base 10) to base 5.
4042104222
14de0 (base 15) to base 13
247cb
Convert -6b4260 (base 12) to base 6.
-101013400
What is 100001000101110010 (base 2) in base 16?
21172
Convert -110221222022 (base 3) to base 12.
-10378b
Convert 10100110001110101 (base 2) to base 13.
2c97b
Convert -331a78 (base 11) to base 3.
-222220121121
Convert 30342335 (base 6) to base 9.
1563785
-16332450 (base 8) to base 2
-1110011011010100101000
What is 122212111100221 (base 3) in base 15?
c78da1
-27bb8b8 (base 13) to base 6
-1125522354
What is -a9443a3 (base 11) in base 9?
-40157736
Convert 436a6 (base 11) to base 12.
30833
What is 2322752 (base 8) in base 10?
632298
Convert -637332 (base 10) to base 14.
-12839a
-101010010010011 (base 2) to base 10
-21651
85687 (base 16) to base 2
10000101011010000111
What is -5026246 (base 7) in base 15?
-bb577
Convert -103301203 (base 4) to base 5.
-10042440
-1010021022122 (base 3) to base 6
-20434242
1e8b02 (base 15) to base 6
52033202
19269a1 (base 14) to base 3
212110021222100
Convert 1210000030 (base 4) to base 11.
25a825
-9a107 (base 11) to base 8
-433467
4212213441 (base 5) to base 6
510410212
3013303302 (base 4) to base 11
509987
What is 58c0d4 (base 14) in base 2?
1011100011101000111010
-1353115552 (base 6) to base 16
-fe4fbc
Convert -1749a20 (base 13) to base 5.
-3413432333
What is -ac5d9 (base 15) in base 6?
-15425223
1b8917 (base 12) to base 4
1320020203
Convert -310313321 (base 4) to base 12.
-a53b5
What is -1222202121 (base 3) in base 5?
-2223233
What is -353132 (base 6) in base 3?
-1112212002
Convert 22553525 (base 6) to base 9.
1275338
Convert -17500 (base 14) to base 12.
-29ab8
Convert -2030213200 (base 4) to base 8.
-2144740
2aa506 (base 12) to base 9
1321726
-30130020031 (base 4) to base 15
-446311
What is 1503530432 (base 6) in base 7?
314411321
Convert -2c44 (base 16) to base 10.
-11332
Convert -111100100001111111100 (base 2) to base 9.
-3652741
What is -2462c (base 13) in base 2?
-10000010110010010
-32442 (base 6) to base 14
-18ca
-4b9497 (base 13) to base 11
-103336a
What is -11000111110110101111001 (base 2) in base 5?
-3134030412
-1161766 (base 9) to base 4
-2122012230
Convert -2bd5b (base 15) to base 4.
-202201022
What is 11010001000111000010 (base 2) in base 14?
1841d8
459a01 (base 11) to base 16
b25e7
2a7711 (base 11) to base 16
74de0
What is -7326666 (base 8) in base 13?
-5313c6
Convert -12203000 (base 4) to base 8.
-64300
What is -14d4b (base 14) in base 15?
-10622
Convert 40340134 (base 5) to base 10.
324419
457051 (base 13) to base 6
55120234
49d3cf (base 16) to base 14
8dd367
ee9de (base 16) to base 3
1211122201001
What is 36005 (base 13) in base 8?
301066
-1101000002 (base 4) to base 16
-51002
Convert -4143015 (base 6) to base 4.
-300320303
What is 309827 (base 12) in base 7?
6326110
What is -33346 (base 12) in base 6?
-1242130
90a62 (base 11) to base 5
13224142
Convert 566354 (base 12) to base 16.
150c70
Convert -4412164 (base 11) to base 6.
-434022034
Convert -2577375 (base 10) to base 13.
-6c3198
What is 19b4ab (base 14) in base 13?
260447
-61828 (base 13) to base 8
-525545
Convert 33520044 (base 8) to base 10.
7249956
What is 101411536 (base 7) in base 13?
1305607
Convert -1946984 (base 11) to base 8.
-14427257
-642212 (base 7) to base 4
-123022013
-206928 (base 13) to base 5
-143213243
11484442 (base 9) to base 2
10101011000101111100100
What is -2cbd2c (base 16) in base 6?
-142502044
-1724502 (base 8) to base 9
-844648
Convert 4155141 (base 6) to base 13.
70c51
What is -6247 (base 9) in base 13?
-2113
What is -210020000001 (base 3) in base 7?
-3356560
What is -46014 (base 10) in base 4?
-23032332
Convert -37613 (base 12) to base 6.
-1340023
Convert -87449c (base 14) to base 16.
-45efea
1131131 (base 6) to base 14
174d1
What is -3421031004 (base 5) in base 6?
-430445310
What is 10373605 (base 8) in base 3?
11012002120102
39a1d0 (base 15) to base 3
12012121212120
Convert 4224212 (base 5) to base 7.
412464
What is 3124041220 (base 5) in base 7?
106002105
What is -502b5 (base 12) in base 9?
-167722
What is -17454c7 (base 13) in base 10?
-7551928
Convert 10c6db (base 15) to base 5.
201121211
1e30fb (base 16) to base 12
7b504b
Convert -42621 (base 9) to base 13.
-caba
-100101002220 (base 3) to base 12
-8a943
Convert 95476 (base 13) to base 5.
32100212
Convert -7582907 (base 10) to base 9.
-15236712
Convert 1211323320 (base 4) to base 10.
417528
12013220020 (base 4) to base 13
442198
Convert -310005 (base 8) to base 13.
-377c4
-111111011110011110 (base 2) to base 15
-52083
What is -130223310 (base 4) in base 3?
-12222011120
3101 (base 10) to base 12
1965
-4003200 (base 5) to base 4
-33113031
Convert -1001122003031 (base 4) to base 9.
-35232868
-107041 (base 8) to base 5
-2131020
What is 11110101001000111110 (base 2) in base 8?
3651076
88576a (base 12) to base 13
5ab026
Convert -2442344404 (base 5) to base 9.
-11857328
-20222101012 (base 3) to base 4
-201201233
What is 30506335 (base 7) in base 10?
2556895
-10101110100100010110000 (base 2) to base 6
-322334332
Convert 1232404 (base 5) to base 2.
101111000101000
What is -113442523 (base 6) in base 5?
-1021331220
Convert 24161101 (base 8) to base 11.
2aa0630
Convert -10001312131 (base 4) to base 15.
-15ce07
-2460540 (base 7) to base 16
-4d715
211202001222 (base 3) to base 14
b91d9
-202120120022 (base 3) to base 12
-176468
What is 31b29 (base 14) in base 16?
1d579
279602 (base 10) to base 6
5554242
Convert 100101011111101111111000 (base 2) to base 9.
20441320
Convert 1011200121 (base 4) to base 11.
184996
42c471 (base 13) to base 6
53345510
Convert 15b77bb (base 13) to base 15.
93840b
What is 4585 (base 16) in base 5?
1032142
What is -1010100010100110010110 (base 2) in base 8?
-12424626
Convert -92b833 (base 14) to base 11.
-2880322
What is 93421 (base 10) in base 9?
152131
Convert 9459 (base 13) to base 15.
6133
Convert -122201120102 (base 3) to base 8.
-1251316
Convert 166986 (base 10) to base 14.
44bd8
1041342553 (base 6) to base 5
10341221003
What is 313133003 (base 4) in base 7?
1634405
Convert 504913 (base 10) to base 14.
d2013
Convert -2522213 (base 9) to base 15.
-1c1ba6
-227532 (base 11) to base 2
-1011000001101111101
Convert 1010101 (base 5) to base 13.
7540
What is 2367256 (base 10) in base 16?
241f18
Convert 2030302 (base 5) to base 7.
165541
What is -16d1a3 (base 14) in base 3?
-1111212100001
214245115 (base 6) to base 5
1441111110
What is -166511 (base 8) in base 2?
-1110110101001001
241310431 (base 6) to base 5
2131103134
Convert -376255 (base 8) to base 6.
-2442513
What is -657438 (base 12) in base 13?
-444701
What is 803469 (base 11) in base 4?
10323222200
Convert -220423 (base 6) to base 10.
-18303
-22110200011 (base 3) to base 14
-44a74
Convert 13131503 (base 6) to base 10.
431967
What is -6ab83 (base 16) in base 10?
-437123
12010201100222 (base 3) to base 5
1144332444
Convert 200232103 (base 4) to base 9.
223767
Convert -1236bb (base 12) to base 8.
-1103057
What is -110110000111100110110 (base 2) in base 16?
-1b0f36
Convert 177096 (base 11) to base 14.
71692
What is -35504332 (base 7) in base 10?
-3144451
-200002010210212 (base 3) to base 16
-929b91
Convert -315340 (base 8) to base 10.
-105184
144614461 (base 7) to base 3
200010110221111
Convert -7999 (base 16) to base 6.
-400041
What is 100000010110000010010 (base 2) in base 4?
10002300102
18742a (base 15) to base 14
22d404
What is -102355300 (base 6) in base 12?
-72bb30
-41570c (base 13) to base 15
-2021c8
Convert 80a (base 15) to base 8.
3422
Convert -ef50a (base 16) to base 5.
-222331414
What is 1ec1 (base 16) in base 12?
4681
-11505121 (base 10) to base 6
-1050332241
What is -10122164 (base 8) in base 5?
-1021424002
Convert -a89407 (base 12) to ba